{"id":7652,"date":"2023-07-27T17:05:33","date_gmt":"2023-07-27T15:05:33","guid":{"rendered":"https:\/\/scientifica.ch\/?post_type=tribe_events&#038;p=7652"},"modified":"2023-08-16T10:40:28","modified_gmt":"2023-08-16T08:40:28","slug":"a-walk-in-the-forest-for-more-understanding-of-nature","status":"publish","type":"tribe_events","link":"https:\/\/scientifica.ch\/en\/event\/a-walk-in-the-forest-for-more-understanding-of-nature\/","title":{"rendered":"Ein Waldspaziergang f\u00fcr mehr Naturverst\u00e4ndnis"},"content":{"rendered":"<p>Gr\u00fcn Stadt Z\u00fcrich&#8217;s nature schools provide enriching nature experiences tailored to different age groups. Whether it&#8217;s in the forest, on a farm, in open meadows, or within urban green spaces, the diverse natural surroundings in and around Zurich offer people of all ages the opportunity to engage directly with nature under expert guidance.<\/p>\n<p>Join us on a forest walk as we invite you to immerse yourself in the wonders of nature. With open and attentive senses, we wander through the woods, mindfully reading the book of nature. Along the way, we observe, explore, encounter various life forms, conduct experiments, and contemplate the intricate connections that exist within nature. Our aim is to create a sense of wonder and curiosity while fostering a deeper connection with the natural environment.<\/p>\n<p>Takes place in all weathers.<\/p>\n","protected":false},"excerpt":{"rendered":"<p>Gr\u00fcn Stadt Z\u00fcrich&#8217;s nature schools provide enriching nature experiences tailored to different age groups. Whether it&#8217;s in the forest, on a farm, in open meadows, or within urban green spaces, [&hellip;]<\/p>\n","protected":false},"author":6,"featured_media":7650,"template":"","meta":{"_crdt_document":"","inline_featured_image":false,"_tribe_events_status":"","_tribe_events_status_reason":"","footnotes":""},"tags":[],"tribe_events_cat":[101,60,58,66,102,91],"class_list":["post-7652","tribe_events","type-tribe_events","status-publish","has-post-thumbnail","hentry","tribe_events_cat-families","tribe_events_cat-german","tribe_events_cat-requires-ticket","tribe_events_cat-science-city-en","tribe_events_cat-teenagers-from-13-years","tribe_events_cat-what-holds-the-world-together","cat_families","cat_german","cat_requires-ticket","cat_science-city-en","cat_teenagers-from-13-years","cat_what-holds-the-world-together"],"yoast_head":"<!-- This site is optimized with the Yoast SEO plugin v20.11 - https:\/\/yoast.com\/wordpress\/plugins\/seo\/ -->\n<title>Ein Waldspaziergang f\u00fcr mehr Naturverst\u00e4ndnis - Scientifica<\/title>\n<meta name=\"robots\" content=\"index, follow, max-snippet:-1, max-image-preview:large, max-video-preview:-1\" \/>\n<link rel=\"canonical\" href=\"https:\/\/scientifica.ch\/en\/event\/a-walk-in-the-forest-for-more-understanding-of-nature\/\" \/>\n<meta property=\"og:locale\" content=\"en_US\" \/>\n<meta property=\"og:type\" content=\"article\" \/>\n<meta property=\"og:title\" content=\"Ein Waldspaziergang f\u00fcr mehr Naturverst\u00e4ndnis - Scientifica\" \/>\n<meta property=\"og:description\" content=\"Gr\u00fcn Stadt Z\u00fcrich&#8217;s nature schools provide enriching nature experiences tailored to different age groups. Whether it&#8217;s in the forest, on a farm, in open meadows, or within urban green spaces, [&hellip;]\" \/>\n<meta property=\"og:url\" content=\"https:\/\/scientifica.ch\/en\/event\/a-walk-in-the-forest-for-more-understanding-of-nature\/\" \/>\n<meta property=\"og:site_name\" content=\"Scientifica\" \/>\n<meta property=\"article:modified_time\" content=\"2023-08-16T08:40:28+00:00\" \/>\n<meta property=\"og:image\" content=\"https:\/\/scientifica.ch\/wp-content\/uploads\/2023\/07\/sc11a_gsz-wald_1.jpg\" \/>\n\t<meta property=\"og:image:width\" content=\"2500\" \/>\n\t<meta property=\"og:image:height\" content=\"1875\" \/>\n\t<meta property=\"og:image:type\" content=\"image\/jpeg\" \/>\n<meta name=\"twitter:card\" content=\"summary_large_image\" \/>\n<meta name=\"twitter:label1\" content=\"Est. reading time\" \/>\n\t<meta name=\"twitter:data1\" content=\"1 minute\" \/>\n<script type=\"application\/ld+json\" class=\"yoast-schema-graph\">{\"@context\":\"https:\/\/schema.org\",\"@graph\":[{\"@type\":\"WebPage\",\"@id\":\"https:\/\/scientifica.ch\/en\/event\/a-walk-in-the-forest-for-more-understanding-of-nature\/\",\"url\":\"https:\/\/scientifica.ch\/en\/event\/a-walk-in-the-forest-for-more-understanding-of-nature\/\",\"name\":\"Ein Waldspaziergang f\u00fcr mehr Naturverst\u00e4ndnis - Scientifica\",\"isPartOf\":{\"@id\":\"https:\/\/scientifica.ch\/#website\"},\"datePublished\":\"2023-07-27T15:05:33+00:00\",\"dateModified\":\"2023-08-16T08:40:28+00:00\",\"breadcrumb\":{\"@id\":\"https:\/\/scientifica.ch\/en\/event\/a-walk-in-the-forest-for-more-understanding-of-nature\/#breadcrumb\"},\"inLanguage\":\"en-US\",\"potentialAction\":[{\"@type\":\"ReadAction\",\"target\":[\"https:\/\/scientifica.ch\/en\/event\/a-walk-in-the-forest-for-more-understanding-of-nature\/\"]}]},{\"@type\":\"BreadcrumbList\",\"@id\":\"https:\/\/scientifica.ch\/en\/event\/a-walk-in-the-forest-for-more-understanding-of-nature\/#breadcrumb\",\"itemListElement\":[{\"@type\":\"ListItem\",\"position\":1,\"name\":\"Startseite\",\"item\":\"https:\/\/scientifica.ch\/en\/\"},{\"@type\":\"ListItem\",\"position\":2,\"name\":\"Veranstaltungen\",\"item\":\"https:\/\/scientifica.ch\/events-overview\/\"},{\"@type\":\"ListItem\",\"position\":3,\"name\":\"Ein Waldspaziergang f\u00fcr mehr Naturverst\u00e4ndnis\"}]},{\"@type\":\"WebSite\",\"@id\":\"https:\/\/scientifica.ch\/#website\",\"url\":\"https:\/\/scientifica.ch\/\",\"name\":\"Scientifica\",\"description\":\"Z\u00fcrcher Wissenschaftstage\",\"potentialAction\":[{\"@type\":\"SearchAction\",\"target\":{\"@type\":\"EntryPoint\",\"urlTemplate\":\"https:\/\/scientifica.ch\/?s={search_term_string}\"},\"query-input\":\"required name=search_term_string\"}],\"inLanguage\":\"en-US\"}]}<\/script>\n<!-- \/ Yoast SEO plugin. -->","yoast_head_json":{"title":"Ein Waldspaziergang f\u00fcr mehr Naturverst\u00e4ndnis - Scientifica","robots":{"index":"index","follow":"follow","max-snippet":"max-snippet:-1","max-image-preview":"max-image-preview:large","max-video-preview":"max-video-preview:-1"},"canonical":"https:\/\/scientifica.ch\/en\/event\/a-walk-in-the-forest-for-more-understanding-of-nature\/","og_locale":"en_US","og_type":"article","og_title":"Ein Waldspaziergang f\u00fcr mehr Naturverst\u00e4ndnis - Scientifica","og_description":"Gr\u00fcn Stadt Z\u00fcrich&#8217;s nature schools provide enriching nature experiences tailored to different age groups. Whether it&#8217;s in the forest, on a farm, in open meadows, or within urban green spaces, [&hellip;]","og_url":"https:\/\/scientifica.ch\/en\/event\/a-walk-in-the-forest-for-more-understanding-of-nature\/","og_site_name":"Scientifica","article_modified_time":"2023-08-16T08:40:28+00:00","og_image":[{"width":2500,"height":1875,"url":"https:\/\/scientifica.ch\/wp-content\/uploads\/2023\/07\/sc11a_gsz-wald_1.jpg","type":"image\/jpeg"}],"twitter_card":"summary_large_image","twitter_misc":{"Est. reading time":"1 minute"},"schema":{"@context":"https:\/\/schema.org","@graph":[{"@type":"WebPage","@id":"https:\/\/scientifica.ch\/en\/event\/a-walk-in-the-forest-for-more-understanding-of-nature\/","url":"https:\/\/scientifica.ch\/en\/event\/a-walk-in-the-forest-for-more-understanding-of-nature\/","name":"Ein Waldspaziergang f\u00fcr mehr Naturverst\u00e4ndnis - Scientifica","isPartOf":{"@id":"https:\/\/scientifica.ch\/#website"},"datePublished":"2023-07-27T15:05:33+00:00","dateModified":"2023-08-16T08:40:28+00:00","breadcrumb":{"@id":"https:\/\/scientifica.ch\/en\/event\/a-walk-in-the-forest-for-more-understanding-of-nature\/#breadcrumb"},"inLanguage":"en-US","potentialAction":[{"@type":"ReadAction","target":["https:\/\/scientifica.ch\/en\/event\/a-walk-in-the-forest-for-more-understanding-of-nature\/"]}]},{"@type":"BreadcrumbList","@id":"https:\/\/scientifica.ch\/en\/event\/a-walk-in-the-forest-for-more-understanding-of-nature\/#breadcrumb","itemListElement":[{"@type":"ListItem","position":1,"name":"Startseite","item":"https:\/\/scientifica.ch\/en\/"},{"@type":"ListItem","position":2,"name":"Veranstaltungen","item":"https:\/\/scientifica.ch\/events-overview\/"},{"@type":"ListItem","position":3,"name":"Ein Waldspaziergang f\u00fcr mehr Naturverst\u00e4ndnis"}]},{"@type":"WebSite","@id":"https:\/\/scientifica.ch\/#website","url":"https:\/\/scientifica.ch\/","name":"Scientifica","description":"Z\u00fcrcher Wissenschaftstage","potentialAction":[{"@type":"SearchAction","target":{"@type":"EntryPoint","urlTemplate":"https:\/\/scientifica.ch\/?s={search_term_string}"},"query-input":"required name=search_term_string"}],"inLanguage":"en-US"}]}},"_links":{"self":[{"href":"https:\/\/scientifica.ch\/en\/wp-json\/wp\/v2\/tribe_events\/7652","targetHints":{"allow":["GET"]}}],"collection":[{"href":"https:\/\/scientifica.ch\/en\/wp-json\/wp\/v2\/tribe_events"}],"about":[{"href":"https:\/\/scientifica.ch\/en\/wp-json\/wp\/v2\/types\/tribe_events"}],"author":[{"embeddable":true,"href":"https:\/\/scientifica.ch\/en\/wp-json\/wp\/v2\/users\/6"}],"version-history":[{"count":4,"href":"https:\/\/scientifica.ch\/en\/wp-json\/wp\/v2\/tribe_events\/7652\/revisions"}],"predecessor-version":[{"id":8822,"href":"https:\/\/scientifica.ch\/en\/wp-json\/wp\/v2\/tribe_events\/7652\/revisions\/8822"}],"wp:featuredmedia":[{"embeddable":true,"href":"https:\/\/scientifica.ch\/en\/wp-json\/wp\/v2\/media\/7650"}],"wp:attachment":[{"href":"https:\/\/scientifica.ch\/en\/wp-json\/wp\/v2\/media?parent=7652"}],"wp:term":[{"taxonomy":"post_tag","embeddable":true,"href":"https:\/\/scientifica.ch\/en\/wp-json\/wp\/v2\/tags?post=7652"},{"taxonomy":"tribe_events_cat","embeddable":true,"href":"https:\/\/scientifica.ch\/en\/wp-json\/wp\/v2\/tribe_events_cat?post=7652"}],"curies":[{"name":"wp","href":"https:\/\/api.w.org\/{rel}","templated":true}]}}

Ein Waldspaziergang für mehr Naturverständnis

<p>Grün Stadt Zürich&#8217;s nature schools provide enriching nature experiences tailored to different age groups. Whether it&#8217;s in the forest, on a farm, in open meadows, or within urban green spaces, the diverse natural surroundings in and around Zurich offer people of all ages the opportunity to engage directly with nature under expert guidance.</p>
<p>Join us on a forest walk as we invite you to immerse yourself in the wonders of nature. With open and attentive senses, we wander through the woods, mindfully reading the book of nature. Along the way, we observe, explore, encounter various life forms, conduct experiments, and contemplate the intricate connections that exist within nature. Our aim is to create a sense of wonder and curiosity while fostering a deeper connection with the natural environment.</p>
<p>Takes place in all weathers.</p>

<p>Grün Stadt Zürich&#8217;s nature schools provide enriching nature experiences tailored to different age groups. Whether it&#8217;s in the forest, on a farm, in open meadows, or within urban green spaces, [&hellip;]</p>

<!-- This site is optimized with the Yoast SEO plugin v20.11 - https://yoast.com/wordpress/plugins/seo/ -->
<title>Ein Waldspaziergang für mehr Naturverständnis - Scientifica</title>
<meta name="robots" content="index, follow, max-snippet:-1, max-image-preview:large, max-video-preview:-1" />
<link rel="canonical" href="https://scientifica.ch/en/event/a-walk-in-the-forest-for-more-understanding-of-nature/" />
<meta property="og:locale" content="en_US" />
<meta property="og:type" content="article" />
<meta property="og:title" content="Ein Waldspaziergang für mehr Naturverständnis - Scientifica" />
<meta property="og:description" content="Grün Stadt Zürich&#8217;s nature schools provide enriching nature experiences tailored to different age groups. Whether it&#8217;s in the forest, on a farm, in open meadows, or within urban green spaces, [&hellip;]" />
<meta property="og:url" content="https://scientifica.ch/en/event/a-walk-in-the-forest-for-more-understanding-of-nature/" />
<meta property="og:site_name" content="Scientifica" />
<meta property="article:modified_time" content="2023-08-16T08:40:28+00:00" />
<meta property="og:image" content="https://scientifica.ch/wp-content/uploads/2023/07/sc11a_gsz-wald_1.jpg" />
	<meta property="og:image:width" content="2500" />
	<meta property="og:image:height" content="1875" />
	<meta property="og:image:type" content="image/jpeg" />
<meta name="twitter:card" content="summary_large_image" />
<meta name="twitter:label1" content="Est. reading time" />
	<meta name="twitter:data1" content="1 minute" />
<script type="application/ld+json" class="yoast-schema-graph">{"@context":"https://schema.org","@graph":[{"@type":"WebPage","@id":"https://scientifica.ch/en/event/a-walk-in-the-forest-for-more-understanding-of-nature/","url":"https://scientifica.ch/en/event/a-walk-in-the-forest-for-more-understanding-of-nature/","name":"Ein Waldspaziergang für mehr Naturverständnis - Scientifica","isPartOf":{"@id":"https://scientifica.ch/#website"},"datePublished":"2023-07-27T15:05:33+00:00","dateModified":"2023-08-16T08:40:28+00:00","breadcrumb":{"@id":"https://scientifica.ch/en/event/a-walk-in-the-forest-for-more-understanding-of-nature/#breadcrumb"},"inLanguage":"en-US","potentialAction":[{"@type":"ReadAction","target":["https://scientifica.ch/en/event/a-walk-in-the-forest-for-more-understanding-of-nature/"]}]},{"@type":"BreadcrumbList","@id":"https://scientifica.ch/en/event/a-walk-in-the-forest-for-more-understanding-of-nature/#breadcrumb","itemListElement":[{"@type":"ListItem","position":1,"name":"Startseite","item":"https://scientifica.ch/en/"},{"@type":"ListItem","position":2,"name":"Veranstaltungen","item":"https://scientifica.ch/events-overview/"},{"@type":"ListItem","position":3,"name":"Ein Waldspaziergang für mehr Naturverständnis"}]},{"@type":"WebSite","@id":"https://scientifica.ch/#website","url":"https://scientifica.ch/","name":"Scientifica","description":"Zürcher Wissenschaftstage","potentialAction":[{"@type":"SearchAction","target":{"@type":"EntryPoint","urlTemplate":"https://scientifica.ch/?s={search_term_string}"},"query-input":"required name=search_term_string"}],"inLanguage":"en-US"}]}</script>
<!-- / Yoast SEO plugin. -->

Ein Waldspaziergang für mehr Naturverständnis - Scientifica

Grün Stadt Zürich&#8217;s nature schools provide enriching nature experiences tailored to different age groups. Whether it&#8217;s in the forest, on a farm, in open meadows, or within urban green spaces, [&hellip;]

Zürcher Wissenschaftstage
